) = 2*u - 9. Let c be w(7). Suppose -h + 2*h + c = 0, -24 = -a + 4*h. What are the prime factors of a?
2
Let s be -3 - -3 - 5*1. Let h be 3/s + (-23)/(-5). Suppose h*i + i = 35. List the prime factors of i.
7
Suppose -u - 3*u = -20. Suppose -4*s - 17 = 5*z - 5, 0 = u*s + 5*z + 10. What are the prime factors of s?
2
Suppose 369 = 3*j - 9. List the prime factors of j.
2, 3, 7
Let c be -3*-1*(0 + 1). Let n be 2/6 + (-84)/(-18). What are the prime factors of (6/n)/(c/20)?
2
Let u(g) = 3*g - 15. What are the prime factors of u(9)?
2, 3
Suppose -2*o + s + 20 = -0*o, 3*o = 3*s + 33. List the prime factors of o.
3
Let l(p) = -p + 4. Let m be l(0). Suppose 11 = -m*n - 13. What are the prime factors of 4/n*(-36)/8?
3
Let b = -14 + 8. Let o be (-7)/((b/(-2))/(-3)). Suppose 11 = -6*t + o*t. List the prime factors of t.
11
Let a be 10/25 - (-104)/(-10). Let j = 16 + a. Suppose -5*d + 19 + j = 0. What are the prime factors of d?
5
Suppose -d - 44 = -2*j - 3*d, -2*j + 64 = -2*d. Suppose 0 = -3*v, -3*o - 17 - 28 = -2*v. Let r = o + j. What are the prime factors of r?
2, 3
Suppose 4*x = x + 303. What are the prime factors of x?
101
Let u(z) = -14*z**2 + 4*z + 8. Let q(t) = -5*t**2 + t + 3. Let b(h) = 8*q(h) - 3*u(h). Let y be b(3). Let m = y + -4. List the prime factors of m.
2
Let h = 73 - 33. List the prime factors of h.
2, 5
Let v(c) = c + 7. Let z be 8/(-12)*(-21)/2. List the prime factors of v(z).
2, 7
Let u be 90/(-12) - (-2)/(-4). Let h = u + 11. List the prime factors of h.
3
Suppose 3*d + 38 = -4*z + 199, -5*z - d = -215. What are the prime factors of z?
2, 11
Let y(w) = -w - 6. Let j be y(-6). Suppose 2*o + 3*o - 60 = j. What are the prime factors of o?
2, 3
Let g(w) = 4*w - 8. Let o be g(9). Let u = 34 - o. What are the prime factors of u?
2, 3
Suppose 38 = u + u. What are the prime factors of u?
19
Let s be (-4)/(-6)*-11*-6. Suppose -5*c + 29 + s = 3*d, 2*d - 5*c - 82 = 0. Suppose -3*k + d = 7. What are the prime factors of k?
2
Let g(j) = j**2 + j - 10. Let l(n) = -4*n**2 - 4*n + 39. Let m(u) = -9*g(u) - 2*l(u). What are the prime factors of m(0)?
2, 3
Let w(s) = s - 10. Let p be w(13). What are the prime factors of -3*(-1)/p*9?
3
Suppose b + 2 = -b. Let d(z) be the second derivative of -2*z**5/5 + z**4/12 - z**2/2 - 4*z. List the prime factors of d(b).
2
Let f be (14/4)/(2/4). Let t(k) = 5*k + 2. List the prime factors of t(f).
37
List the prime factors of (1 + 0)*4 + 18.
2, 11
Suppose -2*i + 4 = 5*n - 9, 4*i = 3*n + 13. Suppose i*a = o + 3 + 8, -4*a + 2*o + 14 = 0. Suppose 3*x + 2 = 2*x, 20 = 4*v + a*x. List the prime factors of v.
2, 3
Suppose 0 = -2*l - 0*l + 10. Let r(p) = -p**2 + 6*p + 4. List the prime factors of r(l).
3
Let y = -66 - -207. What are the prime factors of y/13 - 4/(-26)?
11
Suppose l - 2 = -0, -r + 20 = -5*l. Suppose 5*o - r - 5 = -d, -o + 3 = 0. What are the prime factors of d?
2, 5
Let b(y) = -y**3 - 6*y**2 + y - 5. Let m(g) = -2*g**2 + g. Let j be m(2). Let f be b(j). Let u = 19 + f. What are the prime factors of u?
2
Let d be (-1)/((4/8)/((-81)/6)). Suppose -14 = z + 2. Let l = z + d. What are the prime factors of l?
11
Suppose x + 5*t = 4*t + 7, 4 = 2*t. Let f be 2/(-3) + (-1)/3. List the prime factors of (x/(-2))/(f/2).
5
Let z(q) = -q**3 - 12*q**2 + 13*q + 10. What are the prime factors of z(-13)?
2, 5
Let b(g) = 34*g**2 - g. List the prime factors of b(2).
2, 67
Let t(i) = -12*i - 3. Let x be t(-2). Suppose -d - x = -0*j - 4*j, -5*d + 20 = 5*j. What are the prime factors of -2 - -7 - (d + 0)?
2, 3
Suppose w = 4*w. Suppose -15 = -3*o - w*o. What are the prime factors of o?
5
Let z = -24 + 15. List the prime factors of (2 - 53)/(z/6).
2, 17
Let m(l) = 14*l**2 + 3*l - 5. What are the prime factors of m(2)?
3, 19
Suppose -4*a + 7 = -9. List the prime factors of a.
2
What are the prime factors of (32 + 1 + -4)*4/2?
2, 29
Suppose 2*a = -4*f + 117 + 241, 0 = 3*a - 3. What are the prime factors of f?
89
Suppose 5*l - 15 = -0*l. Suppose 6*c - c = 10, 0 = -n - 2*c + 7. Suppose 20 = 3*y - 2*o + n*o, 20 = y + l*o. What are the prime factors of y?
5
Suppose 4*h - 7 = 9. Suppose 0*i = -2*d - h*i + 18, 5*i - 3 = 4*d. What are the prime factors of d?
3
Suppose 5*w = -4*r - 2, -6 = -5*w + 4*r + 16. Suppose n = -p - 2, w*p + 34 = -3*p + n. Let u = p + 13. What are the prime factors of u?
7
Let h(w) = 5*w**2 + 4*w + 2. List the prime factors of h(-2).
2, 7
Let s = 0 + -1. Suppose -3*j - 4*w = 7, j + 2*w - 11 = 4*w. Let t = j + s. List the prime factors of t.
2
Let f(r) = r**2 - 8*r - 1. Suppose k = -2*k - 5*s + 21, -5*s = 0. Let j be f(k). Let l = j + 18. What are the prime factors of l?
2, 5
Let t(g) be the second derivative of -g**4/12 - g**3/3 - 3*g**2/2 - 2*g. Let w be t(-2). Let u(b) = -3*b - 1. What are the prime factors of u(w)?
2
Suppose -3*a - a + 2*y + 268 = 0, 2*a - 134 = -4*y. Suppose a = 5*l - 38. What are the prime factors of l?
3, 7
Let a = -2 - -1. Let y be 2 - 1 - 2/a. Suppose -y*p = -6*p + 18. What are the prime factors of p?
2, 3
Let k = 0 + -7. Let w be (-4)/(-6) - k/3. Suppose i = 2 + w. What are the prime factors of i?
5
Let k be (-44)/10 - (-6)/15. Let s(h) = h**2 + 2*h - 1. What are the prime factors of s(k)?
7
Let a = -30 + 53. List the prime factors of a.
23
Let y be (-3 - 1) + -1 + -2. Let u = 11 - y. What are the prime factors of u?
2, 3
Let r be (10/(-4) + 1)*2. What are the prime factors of r*(2 + -3) + 3?
2, 3
Let z(j) = -2*j**3 - 2*j**2 - 2*j. Suppose 2*b - 9 = 5*b. Let u be z(b). Suppose -u = -5*p - 3*k, -2*p + 5 = 5*k - 8. What are the prime factors of p?
3
Let v = 83 - 41. Let t = v - 27. List the prime factors of t.
3, 5
Let w(c) = c**2 + 3*c + 4. Let y be w(-4). Let q(m) = m**2 - 8*m + 2. What are the prime factors of q(y)?
2
Let w = 11 - 7. Let b(x) = -4*x + 1 - w - 3*x. List the prime factors of b(-2).
11
Let z(g) = -g**3 - g + 5. Let o be z(0). Suppose 8 = -o*a - 5*x + 83, 0 = -2*x + 6. List the prime factors of a.
2, 3
Suppose -14 = p - 51. What are the prime factors of p + 0 + 8/(-4)?
5, 7
Let l(k) = 8*k + 7. Let n be l(5). Let r = n + -14. What are the prime factors of r?
3, 11
Suppose -t + 7 = z + 4*z, 0 = -5*t + z + 9. Suppose 3*c + 4*j - 35 = 0, -3*c - 2*c + 30 = j. Suppose t*f - 3 = c. List the prime factors of f.
2
Let f = -27 + 50. What are the prime factors of f?
23
Suppose 0*d = 3*d - 27. Let l be (3/d)/(3/279). Suppose -2*y + 3*f = -27, 0 = 4*y - y + 5*f - l. List the prime factors of y.
2, 3
Suppose -2*j + 0 = 4. Let f be -2 - (-3 - j) - -311. What are the prime factors of f/18 + (-6)/27?
17
Let k(p) be the third derivative of p**4/24 - p**3/2 - 4*p**2. Let n be k(7). Suppose -53 - 19 = -n*j - 4*w, -34 = -3*j + 2*w. What are the prime factors of j?
2, 7
Suppose v - 9 - 17 = -j, 0 = -3*v + 4*j + 113. List the prime factors of v.
31
Suppose -8 - 2 = 2*b, -n = -4*b - 131. List the prime factors of n.
3, 37
Let k(x) be the first derivative of -x**4/4 + 7*x**3/3 - 5*x**2/2 + 9*x + 1. What are the prime factors of k(6)?
3, 5
Let c be -4 - (-33)/(-6)*-4. Suppose -16*s = -c*s + 26. List the prime factors of s.
13
Suppose -8*t + t + 1050 = 0. List the prime factors of t.
2, 3, 5
Let s be (-4)/1*3/6. What are the prime factors of 26 + -3 + (-2)/s?
2, 3
Let v(r) = r**3 - 2*r**2 + 2*r - 1. List the prime factors of v(3).
2, 7
Let p(n) = n**2 - n + 41. Let q be p(0). Let z = 74 - q. List the prime factors of z.
3, 11
Let y = -17 + 10. Let n = 3 - y. List the prime factors of 8/10*n/1.
2
Suppose -4*z + 52 = -112. Suppose -r + z = -0*r. List the prime factors of r.
41
Let h = -4 - 0. Let s = h - -7. Suppose -2*m + 4*i + 10 + 8 = 0, s*m - 5*i - 24 = 0. What are the prime factors of m?
3
Suppose a - 81 = 2*q, 2*q + 294 = a + 3*a. What are the prime factors of a?
71
Let i(p) = -p**2 - 15*p + 12. List the prime factors of i(-8).
2, 17
Suppose -4*i = -i - c + 6, 2*i + 18 = -4*c. Let p = 16 + i. What are the prime factors of p?
13
Let z(h) = -h**3 + 2*h**2 + 2*h + 1. Let o be z(-1). Let y be 30/4*o/3. Let n = y + -1. List the prime factors of n.
2
Let g(v) = v**2 - 19*v + 37. What are the prime factors of g(20)?
3, 19
Let x(t) be the second derivative of -t**3/6 + t**2 + t. Let n be (-1)/2*(0 + 0). What are the prime factors of x(n)?
2
Suppose -180 = 4*z + c - 6*c, -5*c = z + 45. Let x = -24 - z. Lis